{"id":2099,"date":"2016-06-22T15:24:10","date_gmt":"2016-06-22T15:24:10","guid":{"rendered":"http:\/\/sintoniaqv.com.br\/site\/?page_id=2099"},"modified":"2016-11-13T03:57:41","modified_gmt":"2016-11-13T03:57:41","slug":"clientes","status":"publish","type":"page","link":"http:\/\/sintoniaqv.com.br\/site\/clientes\/","title":{"rendered":"Clientes"},"content":{"rendered":"<p>[vc_row icon_type=&#8221;fontawesome&#8221; css=&#8221;.vc_custom_1467049581729{padding-top: 76px !important;}&#8221; show_bump=&#8221;true&#8221; bump_offset=&#8221;-42px&#8221; bump_color=&#8221;#ffffff&#8221; icon_fontawesome=&#8221;fa fa-thumbs-o-up&#8221; icon_spacing=&#8221;28px&#8221; icon_size=&#8221;40px&#8221;][vc_column][vc_custom_heading text=&#8221;Uma empresa pequena que trabalha como gente grande&#8221; font_container=&#8221;tag:h3|text_align:center&#8221; use_theme_fonts=&#8221;yes&#8221;][vc_column_text css=&#8221;.vc_custom_1467402375558{padding-top: 30px !important;padding-bottom: 45px !important;}&#8221;]<\/p>\n<p style=\"text-align: center;\">A Sintonia tem em seu portfolio de clientes atendidos grandes empresas nacionais e multinacionais. Por quest\u00f5es de comprometimento e sigilo com as informa\u00e7\u00f5es de nossos clientes, n\u00e3o\u00a0divulgamos de forma aberta a lista destas organiza\u00e7\u00f5es.<\/p>\n<p style=\"text-align: center;\">Teremos o maior prazer em enviar-lhe nosso portfolio de clientes, preencha o formul\u00e1rio abaixo com seus dados e entraremos em contato.<\/p>\n<p>[\/vc_column_text][\/vc_column][\/vc_row][vc_row][vc_column]<div role=\"form\" class=\"wpcf7\" id=\"wpcf7-f5-o1\" lang=\"pt-BR\" dir=\"ltr\">\n<div class=\"screen-reader-response\"><p role=\"status\" aria-live=\"polite\" aria-atomic=\"true\"><\/p> <ul><\/ul><\/div>\n<form action=\"\/site\/wp-json\/wp\/v2\/pages\/2099#wpcf7-f5-o1\" method=\"post\" class=\"wpcf7-form init\" novalidate=\"novalidate\" data-status=\"init\">\n<div style=\"display: none;\">\n<input type=\"hidden\" name=\"_wpcf7\" value=\"5\" \/>\n<input type=\"hidden\" name=\"_wpcf7_version\" value=\"5.6.1\" \/>\n<input type=\"hidden\" name=\"_wpcf7_locale\" value=\"pt_BR\" \/>\n<input type=\"hidden\" name=\"_wpcf7_unit_tag\" value=\"wpcf7-f5-o1\" \/>\n<input type=\"hidden\" name=\"_wpcf7_container_post\" value=\"0\" \/>\n<input type=\"hidden\" name=\"_wpcf7_posted_data_hash\" value=\"\" \/>\n<\/div>\n<p>Seu nome (obrigat\u00f3rio)<br \/>\n    <span class=\"wpcf7-form-control-wrap\" data-name=\"your-name\"><input type=\"text\" name=\"your-name\" value=\"\" size=\"40\" class=\"wpcf7-form-control wpcf7-text wpcf7-validates-as-required\" aria-required=\"true\" aria-invalid=\"false\" \/><\/span> <\/p>\n<p>Empresa\/Institui\u00e7\u00e3o<br \/>\n    <span class=\"wpcf7-form-control-wrap\" data-name=\"your-company\"><input type=\"text\" name=\"your-company\" value=\"\" size=\"40\" class=\"wpcf7-form-control wpcf7-text\" aria-invalid=\"false\" \/><\/span> <\/p>\n<p>Seu e-mail (obrigat\u00f3rio)<br \/>\n    <span class=\"wpcf7-form-control-wrap\" data-name=\"your-email\"><input type=\"email\" name=\"your-email\" value=\"\" size=\"40\" class=\"wpcf7-form-control wpcf7-text wpcf7-email wpcf7-validates-as-required wpcf7-validates-as-email\" aria-required=\"true\" aria-invalid=\"false\" \/><\/span> <\/p>\n<p>Seu telefone (obrigat\u00f3rio)<br \/>\n    <span class=\"wpcf7-form-control-wrap\" data-name=\"your-phone\"><input type=\"text\" name=\"your-phone\" value=\"\" size=\"40\" class=\"wpcf7-form-control wpcf7-text wpcf7-validates-as-required\" aria-required=\"true\" aria-invalid=\"false\" \/><\/span> <\/p>\n<p>Assunto<br \/>\n    <span class=\"wpcf7-form-control-wrap\" data-name=\"your-subject\"><input type=\"text\" name=\"your-subject\" value=\"\" size=\"40\" class=\"wpcf7-form-control wpcf7-text\" aria-invalid=\"false\" \/><\/span> <\/p>\n<p>Sua mensagem<br \/>\n    <span class=\"wpcf7-form-control-wrap\" data-name=\"your-message\"><textarea name=\"your-message\" cols=\"40\" rows=\"10\" class=\"wpcf7-form-control wpcf7-textarea\" aria-invalid=\"false\"><\/textarea><\/span> <\/p>\n<p><p><span class=\"wpcf7-form-control-wrap\"><div class=\"f12-captcha template-1\">\r\n    <label for=\"c_d9c947f9eebf9bffe8ca\">\r\n\t\t\t\t\t<div class=\"c-label\">Sim, eu sou humano!<\/div>\r\n\t\t\r\n        <div class=\"c-header\">\r\n            <div class=\"c-input\">\r\n                <div class=\"c-data\"><span class=\"captcha-calculation\">8 + 1 = ?<\/span><\/div>\r\n\r\n                <div class=\"\" >\r\n\t\t\t\t\t                    <input class=\"f12c\"\r\n                           data-method=\"math\"                            type=\"text\" id=\"c_d9c947f9eebf9bffe8ca\"\r\n                           name=\"f12_captcha\"\r\n                           placeholder=\"?\" value=\"\"\/>\r\n                <\/div>\r\n            <\/div>\r\n\r\n            <div class=\"c-reload\"><a href=\"javascript:void(0);\" class=\"cf7 captcha-reload\" title=\"Reload Captcha\"><img style=\"margin-top:5px;\" src=\"http:\/\/sintoniaqv.com.br\/site\/wp-content\/plugins\/captcha-for-contact-form-7\/core\/assets\/reload-icon.png\" alt=\"Reload\"\/><\/a><\/div>\r\n        <\/div>\r\n\r\n        <input type=\"hidden\" id=\"hash_c_d9c947f9eebf9bffe8ca\" name=\"f12_captcha_hash\"\r\n               value=\"$2y$10$3fMIXyWFiuDB1LJcOaU0kOfzYHFwPrVofhMoH0a869WN.mRLR8A.y\"\/>\r\n    <\/label>\r\n<\/div>\r\n<\/span><\/p><input type=\"submit\" value=\"Enviar\" class=\"wpcf7-form-control has-spinner wpcf7-submit btn btn_view_primary\" \/><\/p>\n<div class=\"wpcf7-response-output\" aria-hidden=\"true\"><\/div><\/form><\/div>[\/vc_column][\/vc_row]<\/p>\n","protected":false},"excerpt":{"rendered":"<p>[vc_row icon_type=&#8221;fontawesome&#8221; css=&#8221;.vc_custom_1467049581729{padding-top: 76px !important;}&#8221; show_bump=&#8221;true&#8221; bump_offset=&#8221;-42px&#8221; bump_color=&#8221;#ffffff&#8221; icon_fontawesome=&#8221;fa fa-thumbs-o-up&#8221; icon_spacing=&#8221;28px&#8221; icon_size=&#8221;40px&#8221;][vc_column][vc_custom_heading text=&#8221;Uma empresa pequena&#8230;<\/p>\n","protected":false},"author":1,"featured_media":0,"parent":0,"menu_order":0,"comment_status":"closed","ping_status":"closed","template":"","meta":[],"_links":{"self":[{"href":"http:\/\/sintoniaqv.com.br\/site\/wp-json\/wp\/v2\/pages\/2099"}],"collection":[{"href":"http:\/\/sintoniaqv.com.br\/site\/wp-json\/wp\/v2\/pages"}],"about":[{"href":"http:\/\/sintoniaqv.com.br\/site\/wp-json\/wp\/v2\/types\/page"}],"author":[{"embeddable":true,"href":"http:\/\/sintoniaqv.com.br\/site\/wp-json\/wp\/v2\/users\/1"}],"replies":[{"embeddable":true,"href":"http:\/\/sintoniaqv.com.br\/site\/wp-json\/wp\/v2\/comments?post=2099"}],"version-history":[{"count":6,"href":"http:\/\/sintoniaqv.com.br\/site\/wp-json\/wp\/v2\/pages\/2099\/revisions"}],"predecessor-version":[{"id":2191,"href":"http:\/\/sintoniaqv.com.br\/site\/wp-json\/wp\/v2\/pages\/2099\/revisions\/2191"}],"wp:attachment":[{"href":"http:\/\/sintoniaqv.com.br\/site\/wp-json\/wp\/v2\/media?parent=2099"}],"curies":[{"name":"wp","href":"https:\/\/api.w.org\/{rel}","templated":true}]}}